 composite?
False
Let r be (34/68)/(2163/1082 + -2). Is r/2*(-35 - -1) composite?
True
Let r(g) = 57*g**2 + 363*g**2 - 79*g**2 + 9 + 3*g. Let a be (-56)/(-40)*-1 + (54/(-15) - -3). Is r(a) a prime number?
True
Suppose -4*d = -4*a + 55458 + 44670, a - 2*d = 25030. Is a composite?
True
Let t be (-12)/40 + 467577/90. Let q = t - 2616. Is q composite?
False
Suppose 3*y = m - 60248, 10*y + 5 = 15*y. Is m composite?
False
Suppose -20*p = -102*p + 4505162. Is p prime?
True
Let i(j) = 121025*j - 4490. Is i(9) prime?
False
Let j = 99304 + -67026. Is j prime?
False
Suppose 0 = -5*q + o + 7 - 32, 10 = 2*o. Let i = -643 + 817. Is i/q*(-410)/15 a composite number?
True
Suppose 0 = 4*m + 20, -55*m + 56*m = 2*p - 31663. Is p prime?
False
Let i = 47 + -20. Suppose i*l = 22*l + 895. Is l prime?
True
Let b(t) = -t**2 - 5*t - 19. Let n be (-1 + 0 + -14)*2/6. Let l(j) = 2*j**2 + 9*j + 38. Let v(w) = n*b(w) - 2*l(w). Is v(-12) prime?
True
Suppose 5 = 7*p + 26. Let l be -2 + 561 + p + 0. Is l - -1*5/5 a composite number?
False
Let l(a) = -22*a + 25 + 5*a**2 + 56*a - 23*a. Let t = -1 - 11. Is l(t) a composite number?
False
Let u(a) = -2037*a - 12. Let v be u(-2). Let m = 186 + -123. Suppose -69*p + m*p = -v. Is p a prime number?
True
Let c(n) = 4*n**3 - 15*n**2 - 2*n + 47. Suppose -a + 22 = 4*b, 5*a + 2*b + 0*b = 92. Is c(a) a composite number?
True
Let k(q) = 10430*q - 95. Is k(12) prime?
False
Suppose 0*i - 54 = -2*i. Let f(j) = -13*j - 289. Let u be f(-25). Is (-6818)/(-6) - u/i a composite number?
True
Let n(h) = -h**2 + 6 + 4*h + 17*h - 2*h. Let y be n(-23). Let d = 2429 + y. Is d a composite number?
True
Suppose 2*y + 24 = 8*y. Suppose -1441 = -y*h + 603. Is h a prime number?
False
Let q be 4366818/14 + 348/(-609). Suppose 0 = 19*h - 56172 - q. Is h prime?
True
Suppose 4*y + 2 = 3*s, -5*s + 2 = 12. Let j(d) = -60*d**3 + 4*d**2 + 9*d + 4. Is j(y) a prime number?
False
Suppose 0 = 6*b - 4*b + 12. Let s be (-8)/(-6) - 682/b. Suppose s*v - 797 = 114*v. Is v prime?
True
Let g(t) = -t**3 + 4*t**2 + 5*t + 3. Let y be g(5). Suppose 87*b + 19*b = 0. Suppose 78 = m - 0*m + 2*r, b = -5*m + y*r + 364. Is m a composite number?
True
Let y = 10425 - 6263. Let w(l) = 2*l - 8. Let r be w(5). Suppose y = r*i - 4*s, 4*i - 6199 = i - 5*s. Is i composite?
True
Suppose -4*m = -20, 3*o - 8*m + 4*m + 14 = 0. Suppose u = o*u - 3691. Is u prime?
True
Let h(z) be the third derivative of 77*z**5/20 - z**4/8 + z**3/6 + 4*z**2. Suppose 6 = 7*a - 3*a - f, 0 = -5*a - 5*f + 20. Is h(a) a prime number?
True
Let u(i) be the third derivative of 20*i**4/3 + 37*i**3/6 + 8*i**2. Let c be u(10). Let x = c + -930. Is x prime?
False
Let l be (-271)/(9/(-3) + (-35)/(-14)). Suppose -l + 4890 = 4*i. Is i composite?
False
Let s be 206*(10 + 76/(-8)). Let w be (6/10)/(2/10). Suppose -w*x + s = -4862. Is x composite?
True
Let z be -2*((-56)/16 + 1 + 1). Let t be (-1 + -4 - -2)*(-2 + z). Is -2 - 2 - (t - 22) a prime number?
False
Let q = -50 - -70. Let y(r) = r**3 - 21*r**2 + 17*r + 18. Let n be y(q). Let o = n + 153. Is o a prime number?
False
Let p(n) = 4*n**2 - n - 33 - 3*n**3 + 32*n - 19*n. Is p(-8) prime?
True
Let p(a) = -a**3 - 2*a - 3*a**2 + 0*a**3 + 5*a**3. Let c be p(3). Let y = c + -44. Is y prime?
True
Suppose -5*b + 1150666 = -5*o + 32351, -b + 5*o + 223647 = 0. Is b composite?
False
Is 1/(-15) + -42539*(-182)/195 a composite number?
False
Let z(m) = 50*m**2 - 5*m. Let h be z(-5). Let a be 40/40 - (-4)/(8/(-1810)). Let t = a + h. Is t composite?
True
Let o(m) = 3*m + 7. Let h be o(-3). Let y be h/(((-2)/(-15))/1*-5). Suppose -292 - 1253 = -y*j. Is j a prime number?
False
Let k = -271 - -258. Let d(h) be the first derivative of 13*h**3/3 - 13*h**2/2 + 27*h + 6. Is d(k) a composite number?
False
Let c(u) = -6*u - 34. Let l be c(-6). Suppose -6*q - l*f = -q - 10185, -2*q - 5*f + 4053 = 0. Is q composite?
False
Suppose -196*u - 23352807 + 56169764 = -40080735. Is u a prime number?
True
Let n(w) = -5*w**3 + 2*w**2 + 3*w + 1. Let a be n(-1). Let l(g) = -53*g**2 + 7*g + 3. Let y be l(a). Let c = y - -2066. Is c composite?
True
Let d = 630 + -387. Suppose 2*y - d = 515. Is y a prime number?
True
Suppose -23*u + 32194 = -70708. Let k = u - -2992. Is k a composite number?
True
Suppose 0 = 10*s - 2 - 28. Suppose -7 + 19 = -s*d, -4*p - 5*d = -42216. Is p a prime number?
True
Let t(q) = 20*q + 214. Let u be t(-40). Let o = u - -1983. Is o a prime number?
False
Suppose 4 = 4*l - 0*d - 2*d, -2*l - 2 = -2*d. Suppose -l*z + 18 = 3. Suppose -3*g + 2917 = 2*k + 2*g, -z*k - 2*g = -7345. Is k a composite number?
False
Suppose 492289 - 2287622 = -11*t + 1006158. Is t a prime number?
False
Let s be (-5 - -2) + 5 - 74/(-2). Suppose s = 2*t + 2*g + 13, 0 = 2*t - 5*g - 40. Is (12/(-5))/4 - (-1044)/t prime?
False
Let w(m) = -m**3 + m + 6797. Let h = -74 + 74. Let u be w(h). Suppose 4*x - u = -5*i - 1472, -2*i - 5*x + 2147 = 0. Is i a prime number?
True
Let t(s) = 8268*s**3 - 6*s**2 + 10*s - 3. Suppose -3*x + 26*x = 23. Is t(x) a composite number?
False
Suppose 360114 = 4*z - t + 30041, 2*t - 247563 = -3*z. Is z a prime number?
False
Let d(v) = 7*v - 11. Let u be d(2). Suppose 3*o - 4*q - 28 = 0, -3*o + 23 = -5*q - 9. Suppose -120 - 35 = -u*i + o*a, a = -3*i + 160. Is i composite?
False
Let m(t) = 27*t**2 - 10*t - 7. Let f be m(-6). Let x be 249/332 + 458/8. Suppose j + x = f. Is j composite?
False
Suppose 5 = -r + 4*z, -r + 4*z - 60 = -5*r. Suppose r*v - 430069 + 80676 = 0. Is v a composite number?
True
Let t = 152 + -258. Let c = t - -143. Is c a prime number?
True
Let n(g) = -15*g**2 - 4*g + 38. Let j be n(-16). Let u = -1100 - j. Is u a composite number?
True
Let r(k) = k**3 - k**2 + 5*k - 262. Suppose -124*s = -128*s. Let o be r(s). Is -5*(o + -6 + 5) prime?
False
Let p(h) = -1. Let o(t) = 96*t + 15. Let l(q) = 3*o(q) - 6*p(q). Suppose -36*x = -62 - 154. Is l(x) a prime number?
False
Let b = 121 - 118. Suppose 2*d - 17481 = z - 2*z, b = -3*d. Is z a composite number?
False
Let c be (-7 - -4) + 25 + -1 + 4. Suppose 0 = -2*y - 3*y + c. Suppose -4*o = -4*g + 2652, 3*o = y*g - 1925 - 1398. Is g composite?
True
Let k(n) be the second derivative of 17*n**3/6 - 15*n**2/2 - 2*n. Suppose -2401*u + 66 = -2390*u. Is k(u) a composite number?
True
Suppose 2*g + 4 = j + 5*g, -4*j = 3*g + 2. Is 18925/50 - j/4 composite?
False
Let k be (-29 - 2875/(-100))/(1/(-40732)). Suppose -u + 1675 - 97 = 0. Suppose -5*m = -k + u. Is m composite?
False
Let s(z) = 3*z - 118. Let v be s(45). Suppose -v*w = -27269 - 182222. Is w a prime number?
True
Let y(o) be the third derivative of 2*o**5/5 + 11*o**4/12 + 13*o**3/2 - 11*o**2. Is y(16) a prime number?
False
Let k(u) = 11*u - 29. Let q be k(3). Suppose -3*m = 4*i - 12959, 4*m = 9*m - q*i - 21609. Is m composite?
True
Let s(g) = 359*g**2 + 15 - 3 + 75*g - 115*g**2 - 90*g. Is s(7) a composite number?
False
Let j(o) = -1086*o + 7. Let l(t) = 28*t + 81. Let h be l(-3). Is j(h) a prime number?
False
Is 8654/4*(-7 - -15 - -14) prime?
False
Let w = 827 + -1379. Suppose -10*d = 1019 + 6871. Let j = w - d. Is j a composite number?
True
Suppose 0*r = -3*r - 4*t - 8221, 3*r = t - 8201. Let d be (-8)/(0 - 2/1291). Let i = d + r. Is i a composite number?
True
Let s be 4/(63/14 + -5). Let a(w) = 8*w**2 + 29*w + 13. Is a(s) composite?
False
Suppose 3*i - 579 = -0*i. Suppose 3437 = -5*p + 5*c - i, -3*c - 12 = 0. Let f = p + 1161. Is f composite?
False
Suppose 16*u = 43*u + 36*u - 6211611. Is u a composite number?
False
Let w(s) = 134*s**2 + 750*s - 105. Is w(-34) a composite number?
True
Let r(o) = o**2 - 6*o - 7. Let i be r(-1). Suppose 3*j = -i*j + 141. Suppose -4*z = -j - 549. Is z a prime number?
True
Let d(l) = -3*l**2 + 33*l - 25. Let z be d(10). Suppose 0 = 3*k + 2*u - 2166 - 2703, -z*k = 4*u - 8115. Is k a composite number?
True
Let c(m) = 1540*m + 27. Let h be c(9). Suppose 15*d - 18798 = h. Is d prime?
True
Let k(z) = -3814*z - 3557. Is k(-10) a prime number?
True
Let c(h) = h**2 + h - 91. Let r be (-2)/10 - (0 + (-2)/10). Let j be c(r). Let t = j - -354. Is t prime?
True
Let m = -4874 + 145165. Is m a composite number?
True
Let c(j) = 180*j**3 - 11*j**2 + 58*j + 55. Is c(6) composite?
True
Let l(k) = 22*k + 39112. Let s be l(0). Suppose 16*c - 24*c + s = 0. Is c a composite number?
False
Let d be (